 highest common factor of 110 and f.
22
Let o be ((-6)/(-9))/((-2)/(-75)). Let s = -9 + o. Suppose -32 = -3*i + i. Calculate the highest common divisor of i and s.
16
Let g(r) = -5*r**3 - r**2 + r + 1. Let d be g(-1). Let f = d + 5. Let t = 30 - -6. Calculate the greatest common divisor of t and f.
9
Let p be 18 + ((-8)/(-1))/4. What is the highest common factor of 4 and p?
4
Let t be ((-6)/9)/((-2)/15). Calculate the greatest common factor of 10 and t.
5
Let z(p) = p + 4. Let m be z(6). What is the highest common divisor of m and 90?
10
Let o(z) = z**3 - z**2 - z + 17. Let k be o(0). Suppose 2*h - 4*u = 252, 4*h - 6*u - 534 = -4*u. Calculate the highest common factor of h and k.
17
Suppose -i = -2*i + 2, 3*a + 2*i = 31. Suppose a = 3*d - 30. What is the highest common divisor of d and 26?
13
Suppose 41 = 3*t + 4*h, -4*t - h + 12 = -34. What is the highest common factor of t and 55?
11
Let v(d) = -9*d**2 - 9*d - 6. Let n(u) = u**3 + 1. Let g(j) = n(j) + v(j). Let m be g(10). What is the highest common factor of 2 and m?
1
Suppose -3*h - 1 = -4*h. Calculate the highest common factor of 4 and h.
1
Suppose a - 22 = 82. Let u = 136 + -123. Calculate the greatest common divisor of a and u.
13
Let y(a) = -59*a + 1. Let z be y(-1). Suppose x - 48 = -5*b + 36, -64 = -5*b + 4*x. Let c = b - 1. What is the highest common factor of z and c?
15
Suppose -3*t + 15 = -3*o, t + 0*o = -5*o - 13. Suppose t*c - 14 = -w - w, 3*w - 9 = 0. What is the greatest common factor of c and 32?
4
Suppose 2*w = -5*b + 156, -3*w + 28 + 71 = 3*b. Suppose -4*m + 4 + 36 = 0. Suppose -10 = -r + m. Calculate the greatest common divisor of r and b.
10
Suppose -24 - 16 = 5*g. Let j be -1*1 - g/2. Let f be 25 - (-2)/(j - 1). What is the highest common factor of f and 65?
13
Let t(f) = 26*f + 2. Let y be t(1). Suppose -5*s + 5*z = -10, z = -2*s - s + 14. Calculate the greatest common divisor of y and s.
4
Let a = -58 + 81. Calculate the greatest common divisor of 207 and a.
23
Suppose -2*w - 304 = 4*u + 278, 133 = -u - 3*w. Let i = u + 258. Calculate the highest common factor of 44 and i.
22
Suppose -4*k + 14 - 6 = 0. Let c be (-2)/(0 - (-6)/(-9)). What is the highest common divisor of k and c?
1
Let f(l) = l**3 + 5*l**2 + 3*l + 1. Let z(b) = -b - 5. Let p be z(-9). Let a = p - 7. Let i be f(a). What is the greatest common factor of 50 and i?
10
Suppose -2*g = -0*g - 28. Let l be (-6)/21 - (-4)/g. Let c be l + 0 + 13 + -1. Calculate the highest common divisor of c and 18.
6
Suppose 5*d + q = -q + 218, d + 5*q = 62. Calculate the highest common divisor of 105 and d.
21
Let f be (8/(-6))/((-4)/6). Suppose f*a + 2*a - 220 = 0. Suppose 0 = 3*s - 3*t - 78, 3*s - 100 = 2*t - 26. Calculate the greatest common factor of s and a.
11
Let i be (-4)/18 - 14/18. Let t be i + 11 + -1 + 1. Suppose w - 17 = -0*w - 2*b, 2*w - t = 2*b. Calculate the greatest common divisor of w and 9.
9
Suppose -3*r = -4*r - 4. Let d(m) = m**2 + 3*m + 2. Let f be d(r). Suppose 0 = 4*p - 91 + 67. Calculate the greatest common factor of p and f.
6
Suppose -4 - 2 = -3*w. Let m be w/14 + 2008/56. Calculate the greatest common divisor of 24 and m.
12
Let g = 153 + -51. Suppose -2*j = -0*j - g. What is the highest common divisor of 17 and j?
17
Let p = -5 + 7. Suppose 3*d - 26 = -3*t - p*d, 2*d - 8 = -t. Suppose 5 = -2*y + 13. What is the highest common factor of y and t?
4
Let q be -2*((-39)/6 + 1). Let f be 3 - (4/2 + -76). Calculate the greatest common divisor of q and f.
11
Let p = 4 + -1. Let g be (-1)/(-5) - (-1)/(-5). Suppose -x + p*x - 306 = g. What is the greatest common factor of 17 and x?
17
Suppose 2*q = 3*c + 137, -5*q - 2*c + 355 = 3*c. Calculate the greatest common factor of q and 30.
10
Let p be (1/(-2))/(3/(-6)). Let k(x) = 771*x**3 - x. Let y be k(p). Suppose 0 = -10*m + 5*m + y. What is the greatest common divisor of 14 and m?
14
Suppose -2*d = -3*d - 8. Let q be ((-81)/18)/(2/d). Calculate the highest common divisor of 18 and q.
18
Suppose 166 = 2*l + 4*u, -l - 4*u + u + 80 = 0. Suppose -5*y - 4 + l = 0. Calculate the highest common divisor of y and 17.
17
Let q be -1 - 0 - 8/(-1). Suppose -27*l + 280 = -22*l. What is the greatest common factor of l and q?
7
Let v(q) = q**2 - 9*q + 1. Let h(n) = 3*n + n - 2*n - 3*n. Let l(b) = -3*h(b) + v(b). Let j be l(7). What is the greatest common factor of 12 and j?
4
Let v = -256 + 381. What is the highest common factor of 50 and v?
25
Let n(s) = 2*s**2 - 3*s - 4. Let f be n(3). Suppose -4*l = -0*l + 4. Let o be (l + 2)*-2 + 7. What is the greatest common factor of o and f?
5
Let h(z) = 8*z - 26. Let k be h(5). What is the greatest common factor of k and 56?
14
Suppose 0 = g - 0*g + 4*a + 5, 0 = -g - 2*a + 1. Suppose -2*h = -36 - 20. Calculate the highest common factor of h and g.
7
Let d = 1 - 2. Let u(i) = 91*i**2 - 1. Let y be u(d). What is the highest common divisor of 10 and y?
10
Let i(f) = -18*f**2 - f + 1. Let m(a) = -a - 5. Let g be m(-6). Let v be i(g). Let t be 3/v*-8*6. What is the highest common factor of t and 20?
4
Suppose -4*f + 1 = -0*f + 3*p, 0 = -2*f + 4*p - 16. Let y(k) = -5*k - 3. Let g be y(f). What is the greatest common factor of g and 14?
7
Let v = 54 + -30. Let g be -3*20/v*-20. What is the greatest common divisor of 10 and g?
10
Suppose -2*m = 2 - 42. Suppose -w + 253 = 5*a - 2*w, -5*w = 4*a - 185. Calculate the greatest common factor of m and a.
10
Suppose -5*y - c = c - 8, -3*y - c + 4 = 0. Let w = 3 + -11. Let j = y - w. What is the highest common divisor of j and 24?
8
Let r(q) be the second derivative of 23*q**4/6 - 3*q. Let a be r(-2). Calculate the greatest common factor of 23 and a.
23
Suppose 9 = -4*f - 3*v, 5*f + 3*v - 5 = -20. Let s = -5 - f. What is the greatest common factor of s and 7?
1
Suppose 2*g - 10 = -0. Calculate the highest common factor of g and 40.
5
Let a be (-1)/(1/(-10)) - -1. Suppose 0 = 4*x + 8 + 4. Let r be 64/6 - 1/x. Calculate the highest common factor of r and a.
11
Suppose 0 = -0*m + 3*m - 6. Let u be -1 + 12 + (-4)/m. Let a = 42 - 24. Calculate the highest common divisor of a and u.
9
Let h(c) be the second derivative of 7*c**3/6 - 4*c**2 - 4*c. Let p be h(5). Calculate the highest common factor of p and 9.
9
Suppose 4 + 19 = 2*q + 5*r, 0 = r + 1. Suppose 2*i = 4 + q. Suppose -4*n = 4*c - 5*n - 21, 0 = 4*c + n - 27. What is the highest common divisor of c and i?
3
Suppose -g + 29 = -2*t, -5*g - 89 = -10*g - 4*t. Suppose 2*y - 420 = -2*y. Calculate the greatest common divisor of g and y.
21
Suppose 0 = 2*y - 5*y + 12. Let i be (-5)/(-2) + 2/y. Suppose 183 + 117 = i*r. Calculate the highest common divisor of 20 and r.
20
Let m(x) be the second derivative of -7*x**3/6 - x**2 - 5*x. Let a be m(-6). What is the highest common factor of a and 4?
4
Let v(k) = 4*k - 44. Let j be v(12). Calculate the greatest common divisor of 1 and j.
1
Suppose -l = -5*k - 0 - 7, 4*l - 5 = -3*k. Let n be (-24)/(-2)*(-4)/(-16) + 1. What is the greatest common factor of l and n?
2
Suppose 0 = 5*m - 5*x - 85, -x + 46 + 15 = 5*m. Let d be (-275)/(-3) + (-28)/42. Calculate the highest common divisor of d and m.
13
Let w(g) = -g**3 - g**2 - 1. Let s(z) = -2*z**3 - z + 1. Let a(y) = s(y) + w(y). Let u be a(-2). Calculate the greatest common divisor of 11 and u.
11
Let h(i) = 2*i**2 + 3*i - 2. Let x be h(6). What is the greatest common factor of x and 22?
22
Let y be (-16)/3*(-27)/12. Suppose i + 3*l = 5*i - 33, -3*l = -15. What is the highest common divisor of i and y?
12
Suppose 9*r + 0*r - 540 = 0. What is the highest common divisor of r and 12?
12
Let q = 145 + -135. Calculate the greatest common factor of 40 and q.
10
Let c(u) = -5*u**2 + 3*u + 32. Let h(g) = -11*g**2 + 7*g + 65. Let f(p) = 9*c(p) - 4*h(p). Let a be f(0). What is the greatest common factor of 70 and a?
14
Let a be ((-132)/30)/(4/(-80)). Suppose 0 = -l + 11 - 0. What is the highest common factor of l and a?
11
Suppose 0 = -6*g + 3*g + 105. Let t(l) = -3*l**2 - l. Let x be t(-1). Let h = x - -9. Calculate the greatest common divisor of g and h.
7
Let t(f) = f**3 - 11*f**2 - 8. Let l be t(12). Calculate the greatest common factor of 17 and l.
17
Let r be (-1 + 6/12)*(-120 - 0). Let q = -29 + 41. Calculate the greatest common factor of q and r.
12
Suppose -3*o + 2